{"id":14,"date":"2013-02-20T08:17:15","date_gmt":"2013-02-20T08:17:15","guid":{"rendered":"http:\/\/www.elsecretodelacolmena.com\/?page_id=14"},"modified":"2013-09-03T14:48:33","modified_gmt":"2013-09-03T14:48:33","slug":"sala-de-prensa","status":"publish","type":"page","link":"https:\/\/www.elsecretodelacolmena.com\/?page_id=14","title":{"rendered":"Sala de prensa"},"content":{"rendered":"<p>&nbsp;<\/p>\n<p>Si eres un medio de comunicaci\u00f3n y estas interesado en difundir el proyecto, en este espacio encontraras toda la informaci\u00f3n relativa al proyecto:\u00a0<b>dossier<\/b>,\u00a0<b>notas de prensa<\/b>\u00a0&#8230;<\/p>\n<p>Si adem\u00e1s quieres difundir los contenidos, utilizar los documentales o textos&#8230; no tienes m\u00e1s que solicit\u00e1rnoslo en el formulario de\u00a0<b>contacto\u00a0<\/b>o enviando email a <span style=\"color: #ff0000;\"><a href=\"mailto:info@elsecretodelacolmena.com\">info@elsecretodelacolmena.com<\/a><\/span><\/p>\n<p>&nbsp;<\/p>\n<p><a href=\"http:\/\/www.elsecretodelacolmena.com\/wp-content\/uploads\/2013\/06\/Dossier_ElSecretoDeLaColmena2013.pdf\" target=\"_blank\"><strong>Descargar PDF: Dossier del proyecto<\/strong><\/a><\/p>\n<p><a href=\"http:\/\/www.elsecretodelacolmena.com\/wp-content\/uploads\/2013\/06\/NotaPrensaElSecretoDeLaColmena2013.pdf\" target=\"_blank\"><strong>Descargar PDF: Nota de prensa. Presentaci\u00f3n proyecto<\/strong><\/a><\/p>\n<p><strong><a href=\"http:\/\/www.elsecretodelacolmena.com\/wp-content\/uploads\/2013\/02\/NotaPrensa-app_-La-innovaci\u00f3n-al-alcance-de-tu-mano.pdf\">DEscargar PDF:\u00a0 NotaPrensa. App La innovaci\u00f3n al alcance de tu mano<\/a><\/strong><\/p>\n<p><a href=\"http:\/\/www.elsecretodelacolmena.com\/wp-content\/uploads\/2013\/06\/logoElSecretoDeLaColmena.jpg\" target=\"_blank\"><strong>Descargar logotipo<\/strong><\/a><\/p>\n<p><strong><a title=\"descargar fotograf\u00edas\" href=\"http:\/\/www.flickr.com\/photos\/78783116@N02\/\" target=\"_blank\">Descargar fotograf\u00edas de nuestro anterior proyecto<\/a><\/strong><\/p>\n","protected":false},"excerpt":{"rendered":"<p>&nbsp; Si eres un medio de comunicaci\u00f3n y estas interesado en difundir el proyecto, en este espacio encontraras toda la informaci\u00f3n relativa al proyecto:\u00a0dossier,\u00a0notas de prensa\u00a0&#8230; Si adem\u00e1s quieres difundir los contenidos, utilizar los documentales o textos&#8230; no tienes m\u00e1s que solicit\u00e1rnoslo en el formulario de\u00a0contacto\u00a0o enviando email a info@elsecretodelacolmena.com &nbsp; Descargar PDF: Dossier del proyecto Descargar PDF: Nota de &#8230;<\/p>\n","protected":false},"author":1,"featured_media":0,"parent":0,"menu_order":5,"comment_status":"open","ping_status":"closed","template":"","meta":[],"_links":{"self":[{"href":"https:\/\/www.elsecretodelacolmena.com\/index.php?rest_route=\/wp\/v2\/pages\/14"}],"collection":[{"href":"https:\/\/www.elsecretodelacolmena.com\/index.php?rest_route=\/wp\/v2\/pages"}],"about":[{"href":"https:\/\/www.elsecretodelacolmena.com\/index.php?rest_route=\/wp\/v2\/types\/page"}],"author":[{"embeddable":true,"href":"https:\/\/www.elsecretodelacolmena.com\/index.php?rest_route=\/wp\/v2\/users\/1"}],"replies":[{"embeddable":true,"href":"https:\/\/www.elsecretodelacolmena.com\/index.php?rest_route=%2Fwp%2Fv2%2Fcomments&post=14"}],"version-history":[{"count":22,"href":"https:\/\/www.elsecretodelacolmena.com\/index.php?rest_route=\/wp\/v2\/pages\/14\/revisions"}],"predecessor-version":[{"id":186,"href":"https:\/\/www.elsecretodelacolmena.com\/index.php?rest_route=\/wp\/v2\/pages\/14\/revisions\/186"}],"wp:attachment":[{"href":"https:\/\/www.elsecretodelacolmena.com\/index.php?rest_route=%2Fwp%2Fv2%2Fmedia&parent=14"}],"curies":[{"name":"wp","href":"https:\/\/api.w.org\/{rel}","templated":true}]}}